 50. Suppose 5*o - 25800 = 3*h, -l*h + 7965 + 2355 = 2*o. Suppose -6*u + o = -1206. Is u a composite number?
False
Let w(b) be the first derivative of 320*b**3 + b**2/2 - 2. Let y be w(1). Let v = -290 + y. Is v prime?
False
Suppose 369*x + 3790307 - 37250120 = 0. Is x prime?
True
Suppose 0 = 4*l + a + 22337, 2*l + 11165 = 75*a - 72*a. Let d = l + 10511. Is d composite?
True
Let s be (32 - -14133)/(((-6)/4)/(-3)). Suppose 4*t - 11122 = s. Is t composite?
True
Let f(u) = 3*u**2 + 9*u - 8. Let w be f(-5). Suppose -2*n + 2518 = -w*z + 24*z, 4*n + 6313 = 5*z. Is z a composite number?
True
Is (45521/147)/((-3)/(-639)) composite?
True
Let u = 55 + -50. Suppose -5*d + 100 = 2*t - 77, 0 = -u*d + 15. Is 1152/t - 2/9 prime?
False
Suppose 2*v - z = 19990 - 5462, v + 2*z = 7259. Suppose -x = 2*b - 14140, 0 = -5*b + 3*x + 28076 + v. Is b composite?
False
Let g(s) = s**3 - 3*s**2 + s + 2. Let d be g(3). Suppose -10*p + d*p - 4*u = -9809, 0 = -3*u + 3. Is p a composite number?
True
Let h(v) = -v**2 - 11*v + 1. Let t be h(-10). Let w(n) be the second derivative of -n**4/12 + 5*n**3/2 + 23*n**2/2 + 21*n. Is w(t) a composite number?
False
Suppose -10*v + 76244 + 114377 = 7*v. Is v composite?
False
Let j be 4/(((-1)/(-2))/1). Suppose -j = -q - 2. Is (-3)/9 + 5120/q a prime number?
True
Let h be ((-152)/(-10))/((-13)/(-195)). Suppose -864 + h = 3*q. Let i = q + 358. Is i composite?
True
Let j(x) be the second derivative of -442*x**3/3 - 21*x**2/2 + 71*x. Is j(-10) a composite number?
False
Suppose 66330 + 39360 = 5*o. Suppose 4*t = -2*u + o, 5*u + 27136 = 5*t + 736. Suppose -m - t = -10*m. Is m a prime number?
True
Suppose 4*d = 3*d + 22789 + 103728. Is d a composite number?
False
Let q(h) = 527*h**2 - 11*h - 4. Let b(s) = -s**2 + s + 1. Let i(m) = 5*b(m) + q(m). Is i(-2) composite?
True
Let s(k) = -4798*k + 897. Is s(-7) prime?
True
Suppose 5*x + 127 = 4*s, 2*s + 2*s + x - 133 = 0. Suppose 2*m + y - 22 = -0*m, -2*y + s = 3*m. Let f(o) = 37*o + 12. Is f(m) composite?
False
Suppose 5*o - 10 = 0, -4*o + 21 - 4 = s. Suppose i + 5611 = 4*p, 8*p - 3*i = s*p - 1406. Is p a composite number?
True
Let g = -24 + 72. Suppose 8*k - 4*k + g = 0. Let d(v) = -v**3 - 12*v**2 - 3*v - 3. Is d(k) a prime number?
False
Let t(y) = -334*y + 97. Let p be t(-4). Suppose 0 = 7*x - p - 6624. Is x prime?
True
Let p(h) = 8*h**2 - 26*h - 22. Let y be p(21). Let g = 265 + y. Suppose 7*q = g + 884. Is q a composite number?
False
Let b = -16314 + 38783. Is b composite?
False
Suppose 5*z = -j + 31343, 5*z - 50011 + 18677 = 2*j. Suppose 0 = a - z - 579. Is a composite?
True
Is (-88560332)/402*(-6)/4 a composite number?
True
Suppose 0 = 7*t - 104 - 169. Suppose 9*x - t = -4*x. Suppose b = -x*j + 157, 0 = -4*b - j + 134 + 494. Is b a composite number?
False
Is ((-7)/(-14))/(6309/25212 + (-5)/20) prime?
False
Let w = -1443616 - -2186759. Is w prime?
True
Let v be (-3 + 1)*(-104)/16. Suppose 18 = 4*d + 2. Suppose -d*t + 1 = v, t = 2*n - 1069. Is n prime?
False
Suppose s - 1227857 = -9*g, -5*s = -449*g + 453*g - 545696. Is g a prime number?
True
Suppose 263*q - 7554536 - 1623375 = 0. Is q prime?
True
Let y = -8509 + 16282. Is y composite?
True
Suppose 3*s - 54282 = 3*r + 43107, -2*s + 64914 = -5*r. Is s prime?
True
Suppose 803*h - 801*h + 8 = 0, -493097 = -5*q - 2*h. Is q prime?
True
Let o(c) be the first derivative of c**4/4 + c**3/3 - 5*c**2/2 - 4*c - 1. Let z = -447 - -454. Is o(z) prime?
True
Let b(y) = -y**2 + 12*y - 2. Let j be b(8). Let x = j - 26. Suppose z = x*z - 1905. Is z a prime number?
False
Is 3 + -3 + -4 + -2 - 135377/(-11) composite?
False
Let x(w) = 3*w + 4. Let p be x(3). Let t be p/3*(5 + -8) + 2. Let o(g) = g**3 + 18*g**2 - 15*g + 15. Is o(t) composite?
True
Is 5/2*((-1)/2 - (-6454357)/130) a composite number?
False
Let b be (24/(-8))/(-12)*1676. Let t = 11136 - b. Is t a prime number?
False
Let i be (0 - (-16)/(-4))/(-2). Suppose -i*b + 9480 = 2*x, -4*b + 29401 = 5*x + 5699. Is x/2 - 0/(-5 + 0) prime?
True
Let a(b) = b**3 + 3*b**2 - 6*b - 4. Let g be a(-4). Suppose 3 - 19 = -g*l. Suppose l*n = t - 79, 0 = 2*t + n - 67 - 100. Is t a composite number?
False
Let w be (2/6)/((-4)/(-24)). Suppose -p + 4*b = -10003, 3*p + 2*b = 4*p - 10013. Suppose -w*h + p = 697. Is h composite?
False
Let t(l) be the second derivative of -25*l - 3/2*l**2 + 26/5*l**5 + 0 + 0*l**3 + 1/4*l**4. Is t(2) a composite number?
True
Suppose -3070213 + 591539 = -122*g. Is g prime?
False
Let g be 205/20*1 + (-2)/8. Suppose g*z - 7723 - 657 = 0. Suppose -2*s = -s - z. Is s prime?
False
Suppose 0 = -3*g + 80 - 38. Let c(q) = q**3 - 11*q**2 + 9*q + 29. Is c(g) a composite number?
False
Let z(o) = 4*o**2 + 5*o - 3. Let g(p) = 5*p - 47. Suppose -25 = -2*k - 3. Let v be g(k). Is z(v) composite?
False
Let a(b) = b**3 + 18*b**2 + 16*b - 17. Let n be a(-17). Suppose n = t - 5*f - 1214, 3*t = -0*t + 2*f + 3681. Is t composite?
False
Let y = -69532 - -417235. Is y composite?
True
Let b(w) = 9966*w**3 - w**2 - w + 3. Let x(d) = 7*d + 183. Let g be x(-26). Is b(g) a composite number?
False
Suppose 4*g + 3*c - 1279157 = 0, -68*g + 63*g + 3*c = -1598980. Is g a composite number?
True
Suppose 0 = -4*z - z - 20, 0 = 4*d - 2*z - 56452. Let g = d - 70. Suppose 3883 = -6*l + g. Is l composite?
False
Suppose q = 15*j + 233480, -3*q - 6*j + 700299 = -4*j. Is q a composite number?
True
Suppose -2*u + 16 = 5*p, 2*p + p = -5*u + 2. Let d be (10 - 7) + (-6 - 1). Is d/(-10) - (27669/(-15) + p) a prime number?
False
Let f(k) = -2*k - 29. Let y(u) = -u**3 + 12*u**2 - 12*u + 6. Let o be y(11). Let z be f(o). Let d = 70 + z. Is d a prime number?
False
Suppose 0 = -3*i + 3*f + f + 1, -13 = -5*i + f. Suppose -i*y - 4240 = -16069. Is y a composite number?
False
Suppose 779*p - 72 = 770*p. Suppose c - 1503 = -2*f, -1505 = -c - p*f + 5*f. Is c a composite number?
False
Is (-4 - -3)/(-1*(-3)/17958831*-11) prime?
False
Suppose 0 = -4*f - 40 - 0. Let j = -1155 - -1151. Is 5/(f/467)*j/2 prime?
True
Suppose -5*u = -4*n - 23, 0*n + 1 = u + n. Suppose -p + 4*p = u*t - 6, -46 = -5*t - 4*p. Suppose 138 = t*r - 426. Is r a prime number?
False
Let z(x) = 27*x - 3 - 89 + 248*x - 18*x. Let a be z(15). Suppose -4*k - 3803 = -2*g - 9*k, 2*g - 3*k - a = 0. Is g prime?
True
Suppose -5*a + 9 - 4 = 0. Let l be (5 - a) + (-2)/1. Suppose 5*c - 4*f = 214 + 51, 2*f - 106 = -l*c. Is c prime?
True
Let b(s) = -s**3 + 2*s**2 + 2*s - 2. Let j be b(-2). Suppose j*g = -6055 + 101385. Is g a prime number?
True
Is (-1)/(-5)*(-6 + 11)*222247 - -6 a composite number?
True
Let z(q) = 3*q**2 - 9*q - 3. Let m be z(4). Suppose -l + m = 2*t + 3*t, 0 = 5*l + 2*t + 1. Is 7854/14 + (-1)/l a prime number?
False
Suppose -3*w + 83 = 3*g - w, -4*g = w - 119. Suppose 0 = 3*i + 6*z - 4*z - g, -5*z = -10. Is (-4440)/(-21) - (i/(-21))/(-1) a composite number?
False
Let o be 1059336/60 - 4/(-10). Suppose 0 = -5*y + 4*p + 34347 - 12286, -5*p - o = -4*y. Is y a prime number?
True
Let u(x) = 359*x**3 + 19*x**2 - 48*x - 1. Is u(3) prime?
True
Suppose -p + 2 = 0, -5*y + 15*p - 16 = 12*p. Is (-10)/y + 9/6*192 composite?
False
Suppose -3*y - 1 = 4*f, -2*y - f + 4*f + 5 = 0. Suppose 2*i - y = -r, 0 = -r - 5. Is (i/12*-1)/((-3)/10932) composite?
False
Let v be (-757106)/123 - 7/(-3). Let p = 11170 + v. Is p composite?
True
Let h(f) = -21*f**3 + 4*f**2 - 14*f + 6. Suppose -5*w + 50 = -0*w + 2*j, -20 = -2*w + 5*j. Let b be h(w). Is (2 - 1)/(6/(-4 - b)) a prime number?
False
Let o be ((-72)/60)/((-2)/5). Suppose -3*r = -z - 11, o*r - 3 = r + 5*z. Suppose 15 = -3*j, -5*m - 1127 = r*j - 3812. Is m a prime number?
True
Suppose 14*h = 11*h + 450451 - 62944. Is h prime?
True
Let l(v) = -2953*v + 8523. Is l(-28) a prime number?
False
Let q be (-98082)/10 + (-28)/35. Let w = -5478 - q. Is w a composite number?
True
Let c = 11870 + 114315. Is c prime?
False
Let x = 243800 - 134155. Is x a prime number?
False
Let n(g) = 340*g + 8. Let w be n(2). Let z = -1423 + w. Let b = -470 - z. Is b composite?
True
Let z(u) = -780*u**3 - 3*u**2 + 4*u - 25. Is z(-4) a prime number?
True
Let b(f) = f**2 - 4*f - 7. Let h be b(5). Let r(y) be the third derivative of 51*y**5/20 - y**4/8 - 5*y**3/6 + 284*y**2. Is r(h) a prime number?
True
Let u(d) = 2*d + 8. Let b be u(-3). Suppose b*i + 5*p = 23335, 2*p - 46655 = -4*i + 7*p. Is i 